What are the prime factors of f?
3
Let f be 3*(1 + 2 + 2). Suppose -2 + 11 = l. Let b = f - l. What are the prime factors of b?
2, 3
What are the prime factors of ((-75)/6)/(3/(-6))?
5
Let y = -1 - -33. List the prime factors of y.
2
Let d = 18 - 13. Suppose -3 = 3*w, 0 = d*s + w + 19 + 12. List the prime factors of -38*((-9)/s - 2).
19
List the prime factors of 105 - ((-6)/(-8) - 39/(-12)).
101
Let i(x) = 9*x**3 - x**2. Let u be i(1). What are the prime factors of -5*2*u/(-5)?
2
Let x = 7 + -4. Suppose -5*u - 4*a + 4 = 0, -x*a = -5*u + 14 + 18. Suppose 11 = v - 0*v - 3*q, u*v - 4*q - 28 = 0. What are the prime factors of v?
5
Let b be 0 + (-6)/(-9)*9. Suppose b = -5*v + 26. Suppose -3*t - 2*w = 2*t - 53, -v*t = -w - 32. What are the prime factors of t?
3
Let i be 3/(((-2)/4)/1). Let x(h) be the first derivative of -h**2/2 - h - 2. What are the prime factors of x(i)?
5
Let v(a) = 14*a**2 - a + 1. Let w be v(2). What are the prime factors of (-2)/5 + 1727/w?
31
Let r be (-2)/3 - (-317)/3. Suppose 0 = -4*p + u + 69, -2*p - 3*p - 5*u + r = 0. What are the prime factors of p?
2, 3
Let s(c) = -2*c**3 + 3*c**2 - 3*c - 7. What are the prime factors of s(-4)?
181
Let z(n) = 2*n**3 - 3*n**2 + n - 4. Let k be z(3). List the prime factors of (k + 2)/(2 + -1).
2, 7
Suppose z = -5*q + 24, -4*z + 28 = -0*z + 3*q. What are the prime factors of 33 - z - (-2 - -1)?
2, 3, 5
Let q be (-16)/(-10) - (-6)/15. Let o(p) = -8*p - 3*p**2 + 9 - 2*p**q + 4*p**2. What are the prime factors of o(-8)?
3
List the prime factors of (-2 + -3)*(156/(-5) + 2).
2, 73
Let u be 2/(-4)*-2*2. Suppose 30 = u*w + 3*w + 5*g, -4*w = -4*g - 16. List the prime factors of w.
5
Let i(y) = 2*y**2 - 4*y + 3. Let v be i(3). Let g be (-4)/3 + 1/3. Let p = v - g. What are the prime factors of p?
2, 5
Let u = -40 + 194. What are the prime factors of u?
2, 7, 11
Suppose -24 = -3*r - r. What are the prime factors of r?
2, 3
Let f(n) = n**3 - 6*n**2 + n + 1. Let h be f(6). Suppose -3*v = -5*d - h*v + 73, -7 = -d + 3*v. Suppose -d + 3 = -r. List the prime factors of r.
2, 5
Let h(n) be the first derivative of n**4/4 + 7*n**3/3 + 2*n**2 - n - 2. List the prime factors of h(-6).
11
Let l = 6 + -6. Suppose 4 = y - l*y, 2*n - 44 = -2*y. What are the prime factors of n?
2, 3
Let y = 24 + -17. Let o = 11 - y. Suppose 0*n + 2*n + 5*x = 36, -4*x - 16 = -o*n. List the prime factors of n.
2
Suppose 5 = 5*x - 5. Let d(z) = 2 + 0*z**2 + 5*z**x + z - 4*z**2. List the prime factors of d(3).
2, 7
Suppose 7 = 4*z - 13. Suppose -f + 38 = 4*k, -z*k = -2*f + 7 + 4. List the prime factors of f.
2, 3
Suppose -5*w + w - 4*v - 28 = 0, -3*w = 4*v + 25. Let q(x) = -8*x - 2. What are the prime factors of q(w)?
2, 11
Let k = -14 - -8. Let m = k + 10. Suppose 0 = 4*q - 12 - m. What are the prime factors of q?
2
Let c be -2 + 3 + (5 - 3). Suppose c*a - k - 113 = -0*a, -3*a = 4*k - 88. What are the prime factors of a?
2, 3
Suppose 14 = 5*w - c + 3*c, 5*c = 3*w - 27. Suppose q = w*r - 9, 4*q + 24 = 3*r + r. List the prime factors of (1 + r)/(3/15).
2, 5
Let s = 8 - 6. Suppose 15 = s*z + 41. Let t = z - -22. List the prime factors of t.
3
Let t = 237 + 70. List the prime factors of t.
307
List the prime factors of 2*((-228)/(-8) + -2).
53
Let a = -5 - -8. Suppose 2*l + 2*h + 9 = a*l, -5*h = 3*l - 27. What are the prime factors of l?
3
List the prime factors of (-54)/(-4) + 1/2.
2, 7
Suppose 2*t + 4 = 0, 4*p - 2*t + 34 = -t. Let x = -6 - p. List the prime factors of x.
3
Suppose 3*u + 29 + 7 = 0. Let z be (-16)/u*(2 + 1). Suppose 0 = 3*q + 2*o - 14, 0 = -3*q + z*o + 42 + 2. List the prime factors of q.
2
Suppose -2*z = -0*z - 8, 0 = 2*u - 2*z + 8. Suppose u*n - 8 = -2*n. Suppose 30 = n*l - 2*l. What are the prime factors of l?
3, 5
List the prime factors of 202/(-2 + 5 + -1).
101
Suppose 0 = -5*v + 339 - 24. What are the prime factors of v?
3, 7
Let p = 0 + 2. Suppose l = p*l - 27. List the prime factors of l.
3
Let k(z) = -z**2 - 7*z + 4. Let l be k(-7). Let w = 1 + -2. What are the prime factors of (l/6)/(w/(-12))?
2
Let a = 28 + -10. List the prime factors of a.
2, 3
Let o(g) = -g**2 + 6*g + 10. Let v be o(7). What are the prime factors of 10 + (0 - -2 - v)?
3
Suppose -2*d + 365 = 4*l - 5*d, 187 = 2*l - 3*d. List the prime factors of l.
89
Let b(n) = n - n**2 - n + 2*n**2 - 1 - 4*n. Let l be b(-3). Suppose l + 15 = 5*q. What are the prime factors of q?
7
List the prime factors of -3 + 1/(3/699).
2, 5, 23
Let t(l) = l**2 + 9*l + 14. Let y be t(-7). Suppose 3*w + 83 = 2*k - 18, y = 5*w - 25. List the prime factors of k.
2, 29
Suppose -4*g = -5*d - 44, -d + 14 = 5*g + 3*d. Let k = g - -1. List the prime factors of k.
7
Let y(b) = b**3 - 9*b**2 + b + 13. Let r be y(9). Let c be (-13)/(-2) - (-2)/(-4). Suppose -c = 2*p - r. List the prime factors of p.
2
Suppose -53 = 2*u - 135. List the prime factors of u.
41
Let t(u) = -u**3 + 7*u**2 + 7*u - 3. Let y(k) = -9*k**3 + 2*k + 1. Let a be y(-1). Let r be t(a). List the prime factors of 2/r - (-230)/55.
2
Let n(s) = s**2 + s - 1. What are the prime factors of n(-7)?
41
Let l = 104 - 14. List the prime factors of l.
2, 3, 5
Suppose 4*x - 13 + 1 = 0. Suppose -x*a = -6*a + 39. What are the prime factors of a?
13
Suppose -5*h = -7*h + 132. List the prime factors of h.
2, 3, 11
Let w = -1 - -10. Let u = w - 39. List the prime factors of (52/(-10))/(12/u).
13
Let z(w) = -w - 8. Let l be z(-11). Suppose 195 = 4*r + 3*s, 3*r = 2*s + l*s + 110. List the prime factors of r.
3, 5
Suppose 10*x - 14*x = -264. List the prime factors of x.
2, 3, 11
Let f(r) = -r - 1. Let b(a) = 3*a. Let q(s) = b(s) + 2*f(s). Let k be q(1). What are the prime factors of 36/8 + k/(-2)?
5
List the prime factors of (-547 - 1)/(-4) - -3 - -1.
3, 47
Suppose 0*y + 13 = 2*y + 3*u, -5*y - 2*u + 27 = 0. Suppose 4*j - 76 = 4*i, y*j - 4*j + 5*i + 11 = 0. List the prime factors of j.
2, 7
Suppose 2*y = 141 + 99. Suppose 0*z - 4*z + y = 0. List the prime factors of z.
2, 3, 5
Let u = 1 + 0. List the prime factors of -16*(u + 12/(-8)).
2
Suppose 2*u + 0*u - 12 = 0. Suppose l = -2, -a + 4*l + u + 5 = 0. Suppose -j + 4*j + 4*g - 46 = 0, -32 = -2*j - a*g. What are the prime factors of j?
2, 5
Suppose 72 = 4*m - 4*g, 0 = m + 4*m - g - 102. List the prime factors of m.
3, 7
Let g = 250 - 175. What are the prime factors of g?
3, 5
Let o = 250 + -147. List the prime factors of o.
103
List the prime factors of (2 - (-11 - (-6 + 3)))*11.
2, 5, 11
List the prime factors of (2/(-1))/(16/(-352)).
2, 11
Let t(s) = -44*s**3 + s + 1. What are the prime factors of t(-2)?
3, 13
Suppose 0 = t - 2*t + 3, -t = -5*u + 202. List the prime factors of u.
41
Suppose -2*h + 40 = 2*a, -3*a - 3*h = -2*h - 68. Let g = 25 - -9. Let q = g - a. What are the prime factors of q?
2, 5
Let w(t) = -2*t - 10. Let c be w(-7). Suppose c*u - 3*o - 41 = 32, -u + 24 = 5*o. What are the prime factors of u?
19
Suppose 3*x - 3 = m, 4*m + 2*x = 21 + 9. Let b be (2/m)/(2/30). Suppose 0*j - b*j = -25. List the prime factors of j.
5
Let v(h) be the first derivative of -h**4/4 + 2*h**3/3 - h**2/2 + 30. Suppose -3*f - 1 - 5 = 0. List the prime factors of v(f).
2, 3
Suppose 15*q = 12*q - 12. What are the prime factors of (-133)/q - 1/4?
3, 11
Let r be (-4 - -5)/((-2)/(-52)). Let z = -20 + r. What are the prime factors of z?
2, 3
Let h = 11 - 6. Suppose -4*n - 5*r + h = 0, 7*n - 2*n + 4 = 4*r. Let z = n - -5. List the prime factors of z.
5
Suppose -89 - 69 = -2*w. Let k = w + -35. Suppose 0 = -s - 3*s + k. List the prime factors of s.
11
Let c(n) = -n**3 + 20*n**2 + 9*n + 9. What are the prime factors of c(20)?
3, 7
Let r = 4 - 5. Let f be (18/(-24))/(r/4). Suppose -f*w = -78 + 27. List the prime factors of w.
17
Let f be (-1)/3 + (-14)/(-6). Suppose f*z - 4*d = 6*z + 68, -3*z - 4*d - 52 = 0. Let n = z + 26. List the prime factors of n.
2, 5
Suppose 5*b - 50 = -5*q, -q - 14 = -2*b - b. List the prime factors of 20/(-3)*b/(-5).
2
Suppose 3*a - 23 = 2*x, 2*a - 3*a - 2*x = -13. Suppose 22 + a = k. List the prime factors of k.
31
Let y = 6 + 0. Let k = y + -2. What are the prime factors of k?
2
Suppose 23 + 18 = x - m, 4*x - 3*m = 162. Let i = x - 17. What are the prime factors of i?
2, 11
List the prime factors of 1 - (3 - 6*4).
2, 11
What are the prime factors of (3 - (-13)/3)/((-4)/(-42